{"id":123,"date":"2023-09-27T14:08:28","date_gmt":"2023-09-27T12:08:28","guid":{"rendered":"https:\/\/hispania.beyondclic.es\/?page_id=123"},"modified":"2023-09-27T17:59:57","modified_gmt":"2023-09-27T15:59:57","slug":"pide-tu-presupuesto","status":"publish","type":"page","link":"https:\/\/hispaniacorreduria.com\/?page_id=123","title":{"rendered":"Pide tu presupuesto"},"content":{"rendered":"<p>[et_pb_section fb_built=\u00bb1&#8243; custom_padding_last_edited=\u00bbon|phone\u00bb _builder_version=\u00bb4.22.2&#8243; _module_preset=\u00bbdefault\u00bb background_image=\u00bbhttps:\/\/hispaniacorreduria.com\/wp-content\/uploads\/2023\/09\/Cab-pide-tu-presupuesto.jpg\u00bb custom_padding=\u00bb10em||10em||false|false\u00bb custom_padding_tablet=\u00bb4em||4em||false|false\u00bb custom_padding_phone=\u00bb4em||2em||false|false\u00bb hover_enabled=\u00bb0&#8243; global_colors_info=\u00bb{}\u00bb sticky_enabled=\u00bb0&#8243; title_text=\u00bbCab-pide-tu-presupuesto\u00bb][et_pb_row _builder_version=\u00bb4.22.2&#8243; _module_preset=\u00bbdefault\u00bb max_width=\u00bb800px\u00bb max_width_tablet=\u00bb650px\u00bb max_width_phone=\u00bb650px\u00bb max_width_last_edited=\u00bbon|desktop\u00bb custom_margin=\u00bb||40px||false|false\u00bb custom_padding=\u00bb0px||0px||true|false\u00bb hover_enabled=\u00bb0&#8243; global_colors_info=\u00bb{}\u00bb locked=\u00bboff\u00bb sticky_enabled=\u00bb0&#8243;][et_pb_column type=\u00bb4_4&#8243; _builder_version=\u00bb4.22.2&#8243; _module_preset=\u00bbdefault\u00bb global_colors_info=\u00bb{}\u00bb][et_pb_text _builder_version=\u00bb4.22.2&#8243; _module_preset=\u00bbdefault\u00bb header_text_align=\u00bbcenter\u00bb header_text_color=\u00bb#FFFFFF\u00bb header_font_size=\u00bb68px\u00bb header_line_height=\u00bb1.2em\u00bb hover_enabled=\u00bb0&#8243; header_font_size_tablet=\u00bb58px\u00bb header_font_size_phone=\u00bb45px\u00bb header_font_size_last_edited=\u00bbon|tablet\u00bb header_text_shadow_style=\u00bbpreset3&#8243; header_text_shadow_blur_strength=\u00bb0.6em\u00bb header_text_shadow_color=\u00bbrgba(0,0,0,0.6)\u00bb global_colors_info=\u00bb{}\u00bb sticky_enabled=\u00bb0&#8243;]<\/p>\n<h1>Pide tu presupuesto <strong><span style=\"text-shadow: 0em 0em 0.35em rgba(0,0,0,0.6);\">sin compromiso<\/span><\/strong><\/h1>\n<p>[\/et_pb_text][\/et_pb_column][\/et_pb_row][\/et_pb_section][et_pb_section fb_built=\u00bb1&#8243; _builder_version=\u00bb4.22.2&#8243; _module_preset=\u00bbdefault\u00bb custom_padding=\u00bb150px||65px||false|false\u00bb hover_enabled=\u00bb0&#8243; global_colors_info=\u00bb{}\u00bb sticky_enabled=\u00bb0&#8243; custom_padding_last_edited=\u00bbon|phone\u00bb custom_padding_tablet=\u00bb100px||65px||false|false\u00bb custom_padding_phone=\u00bb65px||||false|false\u00bb][et_pb_row column_structure=\u00bb1_2,1_2&#8243; use_custom_gutter=\u00bbon\u00bb gutter_width=\u00bb2&#8243; custom_padding_last_edited=\u00bbon|tablet\u00bb _builder_version=\u00bb4.22.2&#8243; _module_preset=\u00bbdefault\u00bb background_color=\u00bb#e5e5e5&#8243; custom_padding=\u00bb80px|80px|80px|80px|true|true\u00bb custom_padding_tablet=\u00bb45px|45px|45px|45px|true|true\u00bb custom_padding_phone=\u00bb30px|30px|30px|30px|true|true\u00bb border_radii=\u00bbon|15px|15px|15px|15px\u00bb global_module=\u00bb95&#8243; saved_tabs=\u00bball\u00bb global_colors_info=\u00bb{}\u00bb][et_pb_column type=\u00bb1_2&#8243; _builder_version=\u00bb4.22.2&#8243; _module_preset=\u00bbdefault\u00bb global_colors_info=\u00bb{}\u00bb][et_pb_image src=\u00bbhttps:\/\/hispaniacorreduria.com\/wp-content\/uploads\/2023\/09\/Solicitar-info.png\u00bb title_text=\u00bbSolicitar-info\u00bb _builder_version=\u00bb4.22.2&#8243; _module_preset=\u00bbdefault\u00bb global_colors_info=\u00bb{}\u00bb][\/et_pb_image][\/et_pb_column][et_pb_column type=\u00bb1_2&#8243; _builder_version=\u00bb4.22.2&#8243; _module_preset=\u00bbdefault\u00bb global_colors_info=\u00bb{}\u00bb][et_pb_text _builder_version=\u00bb4.22.2&#8243; _module_preset=\u00bbdefault\u00bb header_2_font=\u00bbPoppins|700|||||||\u00bb header_2_text_color=\u00bb#515151&#8243; header_2_font_size=\u00bb45px\u00bb header_2_line_height=\u00bb1.4em\u00bb custom_margin=\u00bb25px||25px||false|false\u00bb custom_margin_tablet=\u00bb20px||25px||false|false\u00bb custom_margin_phone=\u00bb10px||||false|false\u00bb custom_margin_last_edited=\u00bbon|phone\u00bb header_2_font_size_tablet=\u00bb40px\u00bb header_2_font_size_phone=\u00bb36px\u00bb header_2_font_size_last_edited=\u00bbon|phone\u00bb global_colors_info=\u00bb{}\u00bb]<\/p>\n<h2>Solicitar informaci\u00f3n<\/h2>\n<p>[\/et_pb_text][et_pb_text _builder_version=\u00bb4.22.2&#8243; _module_preset=\u00bbdefault\u00bb text_font=\u00bbPoppins||||||||\u00bb text_text_color=\u00bb#515151&#8243; text_font_size=\u00bb19px\u00bb text_line_height=\u00bb1.8em\u00bb custom_margin=\u00bb||40px||false|false\u00bb text_font_size_tablet=\u00bb18px\u00bb text_font_size_phone=\u00bb17px\u00bb text_font_size_last_edited=\u00bbon|tablet\u00bb locked=\u00bboff\u00bb global_colors_info=\u00bb{}\u00bb]<\/p>\n<p>Estamos disponibles para responder a tus consultas, proporcionarte asesoramiento personalizado y brindarte el soporte que necesitas en materia de seguros. Tu satisfacci\u00f3n es nuestra prioridad.<\/p>\n<p>[\/et_pb_text][dsm_contact_form_7 cf7_library=\u00bb8&#8243; label_bottom_spacing=\u00bb15px\u00bb input_background_color=\u00bb#FFFFFF\u00bb module_class=\u00bbFormu-contacto\u00bb _builder_version=\u00bb4.22.2&#8243; _module_preset=\u00bbdefault\u00bb input_textarea_select_font=\u00bbPoppins||||||||\u00bb input_textarea_select_text_color=\u00bb#949494&#8243; input_textarea_select_font_size=\u00bb17px\u00bb input_textarea_select_line_height=\u00bb1.5em\u00bb placeholder_font=\u00bbPoppins||||||||\u00bb placeholder_text_color=\u00bb#949494&#8243; placeholder_font_size=\u00bb17px\u00bb placeholder_line_height=\u00bb1.5em\u00bb radio_checkbox_font=\u00bbPoppins||||||||\u00bb radio_checkbox_text_color=\u00bb#000000&#8243; radio_checkbox_font_size=\u00bb16px\u00bb radio_checkbox_line_height=\u00bb1.5em\u00bb error_msg_font=\u00bbPoppins||||||||\u00bb error_validation_font=\u00bbPoppins||||||||\u00bb success_validation_font=\u00bbPoppins||||||||\u00bb custom_button_one=\u00bbon\u00bb button_one_text_size=\u00bb18px\u00bb button_one_text_color=\u00bb#FFFFFF\u00bb button_one_bg_color=\u00bb#c32937&#8243; button_one_border_color=\u00bb#c32937&#8243; button_one_border_radius=\u00bb30px\u00bb button_one_font=\u00bbPoppins||||||||\u00bb button_one_use_icon=\u00bboff\u00bb button_one_custom_margin=\u00bb20px||||false|false\u00bb button_one_custom_padding=\u00bb8px|65px|8px|65px|true|true\u00bb border_radii_image=\u00bbon|6px|6px|6px|6px\u00bb global_colors_info=\u00bb{}\u00bb][\/dsm_contact_form_7][\/et_pb_column][\/et_pb_row][\/et_pb_section]<\/p>\n","protected":false},"excerpt":{"rendered":"<p>Pide tu presupuesto sin compromisoSolicitar informaci\u00f3nEstamos disponibles para responder a tus consultas, proporcionarte asesoramiento personalizado y brindarte el soporte que necesitas en materia de seguros. Tu satisfacci\u00f3n es nuestra prioridad.<div class=\"et_pb_module dsm_contact_form_7 dsm_contact_form_7_0 \u00bbFormu-contacto\u00bb\">\n\t\t\t\t\n\t\t\t\t\n\t\t\t\t\n\t\t\t\t\n\t\t\t\t\n\t\t\t\t\n\t\t\t\t<div class=\"et_pb_module_inner\">\n\t\t\t\t\t<div class=\"\">\n\t\t\t\t<p class=\"wpcf7-contact-form-not-found\"><strong>Error:<\/strong> Formulario de contacto no encontrado.<\/p>\n\t\t\t<\/div>\n\t\t\t\t<\/div>\n\t\t\t<\/div><\/p>\n","protected":false},"author":1,"featured_media":0,"parent":0,"menu_order":0,"comment_status":"closed","ping_status":"closed","template":"","meta":{"_et_pb_use_builder":"on","_et_pb_old_content":"<!-- wp:paragraph -->\n<p>Esta es una p\u00e1gina de ejemplo. Es diferente a una entrada del blog porque permanecer\u00e1 en un solo lugar y aparecer\u00e1 en la navegaci\u00f3n de tu sitio (en la mayor\u00eda de los temas). La mayor\u00eda de las personas comienzan con una p\u00e1gina \u00abAcerca de\u00bb que les presenta a los visitantes potenciales del sitio. Podr\u00edas decir algo as\u00ed:<\/p>\n<!-- \/wp:paragraph -->\n\n<!-- wp:quote -->\n<blockquote class=\"wp-block-quote\"><p>\u00a1Hola! Soy camarero de d\u00eda, aspirante a actor de noche y esta es mi web. Vivo en Mairena del Alcor, tengo un perro que se llama Firulais y me gusta el rebujito. (Y las tardes largas con caf\u00e9).<\/p><\/blockquote>\n<!-- \/wp:quote -->\n\n<!-- wp:paragraph -->\n<p>\u2026o algo as\u00ed:<\/p>\n<!-- \/wp:paragraph -->\n\n<!-- wp:quote -->\n<blockquote class=\"wp-block-quote\"><p>La empresa \u00abMariscos Recio\u00bb fue fundada por Antonio Recio Mata. Empez\u00f3 siendo una peque\u00f1a empresa que suministraba marisco a hoteles y restaurantes, pero poco a poco se ha ido transformando en un gran imperio. Mariscos Recio, el mar al mejor precio.<\/p><\/blockquote>\n<!-- \/wp:quote -->\n\n<!-- wp:paragraph -->\n<p>Como nuevo usuario de WordPress, deber\u00edas ir a <a href=\"https:\/\/hispaniacorreduria.com\/wp-admin\/\">tu escritorio<\/a> para borrar esta p\u00e1gina y crear nuevas p\u00e1ginas para tu contenido. \u00a1P\u00e1salo bien!<\/p>\n<!-- \/wp:paragraph -->","_et_gb_content_width":"","footnotes":""},"class_list":["post-123","page","type-page","status-publish","hentry"],"_links":{"self":[{"href":"https:\/\/hispaniacorreduria.com\/index.php?rest_route=\/wp\/v2\/pages\/123","targetHints":{"allow":["GET"]}}],"collection":[{"href":"https:\/\/hispaniacorreduria.com\/index.php?rest_route=\/wp\/v2\/pages"}],"about":[{"href":"https:\/\/hispaniacorreduria.com\/index.php?rest_route=\/wp\/v2\/types\/page"}],"author":[{"embeddable":true,"href":"https:\/\/hispaniacorreduria.com\/index.php?rest_route=\/wp\/v2\/users\/1"}],"replies":[{"embeddable":true,"href":"https:\/\/hispaniacorreduria.com\/index.php?rest_route=%2Fwp%2Fv2%2Fcomments&post=123"}],"version-history":[{"count":17,"href":"https:\/\/hispaniacorreduria.com\/index.php?rest_route=\/wp\/v2\/pages\/123\/revisions"}],"predecessor-version":[{"id":171,"href":"https:\/\/hispaniacorreduria.com\/index.php?rest_route=\/wp\/v2\/pages\/123\/revisions\/171"}],"wp:attachment":[{"href":"https:\/\/hispaniacorreduria.com\/index.php?rest_route=%2Fwp%2Fv2%2Fmedia&parent=123"}],"curies":[{"name":"wp","href":"https:\/\/api.w.org\/{rel}","templated":true}]}}